{"id":1938,"date":"2024-08-23T15:22:22","date_gmt":"2024-08-23T15:22:22","guid":{"rendered":"https:\/\/mgamusic.makkomkt.com.br\/?page_id=1938"},"modified":"2024-09-10T19:24:20","modified_gmt":"2024-09-10T19:24:20","slug":"servicos-2","status":"publish","type":"page","link":"https:\/\/mgamusic.makkomkt.com.br\/index.php\/servicos-2\/","title":{"rendered":"Servi\u00e7os"},"content":{"rendered":"\t\t<div data-elementor-type=\"wp-page\" data-elementor-id=\"1938\" class=\"elementor elementor-1938\">\n\t\t\t\t<div class=\"elementor-element elementor-element-b8ccf93 e-flex e-con-boxed e-con e-parent\" data-id=\"b8ccf93\" data-element_type=\"container\" data-e-type=\"container\" data-settings=\"{&quot;background_background&quot;:&quot;classic&quot;,&quot;shape_divider_bottom&quot;:&quot;opacity-fan&quot;}\">\n\t\t\t\t\t<div class=\"e-con-inner\">\n\t\t\t\t<div class=\"elementor-shape elementor-shape-bottom\" aria-hidden=\"true\" data-negative=\"false\">\n\t\t\t<svg xmlns=\"http:\/\/www.w3.org\/2000\/svg\" viewBox=\"0 0 283.5 19.6\" preserveAspectRatio=\"none\">\n\t<path class=\"elementor-shape-fill\" style=\"opacity:0.33\" d=\"M0 0L0 18.8 141.8 4.1 283.5 18.8 283.5 0z\"\/>\n\t<path class=\"elementor-shape-fill\" style=\"opacity:0.33\" d=\"M0 0L0 12.6 141.8 4 283.5 12.6 283.5 0z\"\/>\n\t<path class=\"elementor-shape-fill\" style=\"opacity:0.33\" d=\"M0 0L0 6.4 141.8 4 283.5 6.4 283.5 0z\"\/>\n\t<path class=\"elementor-shape-fill\" d=\"M0 0L0 1.2 141.8 4 283.5 1.2 283.5 0z\"\/>\n<\/svg>\t\t<\/div>\n\t\t\t\t<div class=\"elementor-element elementor-element-ac49051 elementor-widget elementor-widget-heading\" data-id=\"ac49051\" data-element_type=\"widget\" data-e-type=\"widget\" data-widget_type=\"heading.default\">\n\t\t\t\t<div class=\"elementor-widget-container\">\n\t\t\t\t\t<h2 class=\"elementor-heading-title elementor-size-default\">Servi\u00e7os<\/h2>\t\t\t\t<\/div>\n\t\t\t\t<\/div>\n\t\t\t\t<div class=\"elementor-element elementor-element-1abe5fe elementor-widget elementor-widget-heading\" data-id=\"1abe5fe\" data-element_type=\"widget\" data-e-type=\"widget\" data-widget_type=\"heading.default\">\n\t\t\t\t<div class=\"elementor-widget-container\">\n\t\t\t\t\t<h2 class=\"elementor-heading-title elementor-size-default\">servi\u00e7os personalizados e os melhores profissionais\n\n\n\n<\/h2>\t\t\t\t<\/div>\n\t\t\t\t<\/div>\n\t\t\t\t\t<\/div>\n\t\t\t\t<\/div>\n\t\t<div class=\"elementor-element elementor-element-08af327 e-flex e-con-boxed e-con e-parent\" data-id=\"08af327\" data-element_type=\"container\" data-e-type=\"container\" data-settings=\"{&quot;background_background&quot;:&quot;classic&quot;}\">\n\t\t\t\t\t<div class=\"e-con-inner\">\n\t\t\t\t<div class=\"elementor-element elementor-element-41aaa8d elementor-widget elementor-widget-heading\" data-id=\"41aaa8d\" data-element_type=\"widget\" data-e-type=\"widget\" data-widget_type=\"heading.default\">\n\t\t\t\t<div class=\"elementor-widget-container\">\n\t\t\t\t\t<h2 class=\"elementor-heading-title elementor-size-default\">Servi\u00e7os e pacotes\n\n\n\n\n\n\n\n\n\n\n\n\n\n\n\n\n<\/h2>\t\t\t\t<\/div>\n\t\t\t\t<\/div>\n\t\t\t\t\t<\/div>\n\t\t\t\t<\/div>\n\t\t<div class=\"elementor-element elementor-element-6ff293a e-flex e-con-boxed e-con e-parent\" data-id=\"6ff293a\" data-element_type=\"container\" data-e-type=\"container\">\n\t\t\t\t\t<div class=\"e-con-inner\">\n\t\t\t\t<div class=\"elementor-element elementor-element-3f90ab5 elementor-align-center elementor-mobile-align-center elementor-widget elementor-widget-button\" data-id=\"3f90ab5\" data-element_type=\"widget\" data-e-type=\"widget\" data-widget_type=\"button.default\">\n\t\t\t\t<div class=\"elementor-widget-container\">\n\t\t\t\t\t\t\t\t\t<div class=\"elementor-button-wrapper\">\n\t\t\t\t\t<a class=\"elementor-button elementor-button-link elementor-size-sm\" href=\"https:\/\/w.app\/MgaMusic\">\n\t\t\t\t\t\t<span class=\"elementor-button-content-wrapper\">\n\t\t\t\t\t\t<span class=\"elementor-button-icon\">\n\t\t\t\t<svg aria-hidden=\"true\" class=\"e-font-icon-svg e-fab-whatsapp\" viewBox=\"0 0 448 512\" xmlns=\"http:\/\/www.w3.org\/2000\/svg\"><path d=\"M380.9 97.1C339 55.1 283.2 32 223.9 32c-122.4 0-222 99.6-222 222 0 39.1 10.2 77.3 29.6 111L0 480l117.7-30.9c32.4 17.7 68.9 27 106.1 27h.1c122.3 0 224.1-99.6 224.1-222 0-59.3-25.2-115-67.1-157zm-157 341.6c-33.2 0-65.7-8.9-94-25.7l-6.7-4-69.8 18.3L72 359.2l-4.4-7c-18.5-29.4-28.2-63.3-28.2-98.2 0-101.7 82.8-184.5 184.6-184.5 49.3 0 95.6 19.2 130.4 54.1 34.8 34.9 56.2 81.2 56.1 130.5 0 101.8-84.9 184.6-186.6 184.6zm101.2-138.2c-5.5-2.8-32.8-16.2-37.9-18-5.1-1.9-8.8-2.8-12.5 2.8-3.7 5.6-14.3 18-17.6 21.8-3.2 3.7-6.5 4.2-12 1.4-32.6-16.3-54-29.1-75.5-66-5.7-9.8 5.7-9.1 16.3-30.3 1.8-3.7.9-6.9-.5-9.7-1.4-2.8-12.5-30.1-17.1-41.2-4.5-10.8-9.1-9.3-12.5-9.5-3.2-.2-6.9-.2-10.6-.2-3.7 0-9.7 1.4-14.8 6.9-5.1 5.6-19.4 19-19.4 46.3 0 27.3 19.9 53.7 22.6 57.4 2.8 3.7 39.1 59.7 94.8 83.8 35.2 15.2 49 16.5 66.6 13.9 10.7-1.6 32.8-13.4 37.4-26.4 4.6-13 4.6-24.1 3.2-26.4-1.3-2.5-5-3.9-10.5-6.6z\"><\/path><\/svg>\t\t\t<\/span>\n\t\t\t\t\t\t\t\t\t<span class=\"elementor-button-text\">Contato pelo Whatsapp<\/span>\n\t\t\t\t\t<\/span>\n\t\t\t\t\t<\/a>\n\t\t\t\t<\/div>\n\t\t\t\t\t\t\t\t<\/div>\n\t\t\t\t<\/div>\n\t\t\t\t\t<\/div>\n\t\t\t\t<\/div>\n\t\t<div class=\"elementor-element elementor-element-69ccf18 e-flex e-con-boxed e-con e-parent\" data-id=\"69ccf18\" data-element_type=\"container\" data-e-type=\"container\">\n\t\t\t\t\t<div class=\"e-con-inner\">\n\t\t\t\t<div class=\"elementor-element elementor-element-410fc51 e-n-tabs-none elementor-widget elementor-widget-n-tabs\" data-id=\"410fc51\" data-element_type=\"widget\" data-e-type=\"widget\" data-settings=\"{&quot;tabs_justify_horizontal_mobile&quot;:&quot;center&quot;,&quot;horizontal_scroll&quot;:&quot;disable&quot;}\" data-widget_type=\"nested-tabs.default\">\n\t\t\t\t<div class=\"elementor-widget-container\">\n\t\t\t\t\t\t\t<div class=\"e-n-tabs\" data-widget-number=\"68222033\" aria-label=\"Abas. Abra itens com &quot;Enter&quot; ou &quot;Espa\u00e7o&quot;, feche com &quot;Escape&quot; e navegue usando as teclas de &quot;Seta&quot;.\">\n\t\t\t<div class=\"e-n-tabs-heading\" role=\"tablist\">\n\t\t\t\t\t<button id=\"e-n-tab-title-682220331\" data-tab-title-id=\"e-n-tab-title-682220331\" class=\"e-n-tab-title\" aria-selected=\"true\" data-tab-index=\"1\" role=\"tab\" tabindex=\"0\" aria-controls=\"e-n-tab-content-682220331\" style=\"--n-tabs-title-order: 1;\">\n\t\t\t\t\t\t<span class=\"e-n-tab-title-text\">\n\t\t\t\tPacotes Promocionais\t\t\t<\/span>\n\t\t<\/button>\n\t\t\t\t\t<\/div>\n\t\t\t<div class=\"e-n-tabs-content\">\n\t\t\t\t<div id=\"e-n-tab-content-682220331\" role=\"tabpanel\" aria-labelledby=\"e-n-tab-title-682220331\" data-tab-index=\"1\" style=\"--n-tabs-title-order: 1;\" class=\"e-active elementor-element elementor-element-6594750 e-con-full e-grid e-con e-child\" data-id=\"6594750\" data-element_type=\"container\" data-e-type=\"container\">\n\t\t\t\t<div class=\"elementor-element elementor-element-bd18ef3 elementor-position-top elementor-position-top elementor-invisible elementor-widget elementor-widget-image-box\" data-id=\"bd18ef3\" data-element_type=\"widget\" data-e-type=\"widget\" data-settings=\"{&quot;_animation&quot;:&quot;fadeIn&quot;,&quot;_animation_delay&quot;:300}\" data-widget_type=\"image-box.default\">\n\t\t\t\t<div class=\"elementor-widget-container\">\n\t\t\t\t\t<div class=\"elementor-image-box-wrapper\"><figure class=\"elementor-image-box-img\"><a href=\"https:\/\/mgamusic.makkomkt.com.br\/index.php\/pacote-prata\/\" tabindex=\"-1\"><img fetchpriority=\"high\" decoding=\"async\" width=\"512\" height=\"512\" src=\"https:\/\/mgamusic.makkomkt.com.br\/wp-content\/uploads\/2024\/09\/medalha-de-prata.png\" class=\"attachment-full size-full wp-image-2244\" alt=\"\" srcset=\"https:\/\/mgamusic.makkomkt.com.br\/wp-content\/uploads\/2024\/09\/medalha-de-prata.png 512w, https:\/\/mgamusic.makkomkt.com.br\/wp-content\/uploads\/2024\/09\/medalha-de-prata-300x300.png 300w, https:\/\/mgamusic.makkomkt.com.br\/wp-content\/uploads\/2024\/09\/medalha-de-prata-150x150.png 150w\" sizes=\"(max-width: 512px) 100vw, 512px\" \/><\/a><\/figure><div class=\"elementor-image-box-content\"><h3 class=\"elementor-image-box-title\"><a href=\"https:\/\/mgamusic.makkomkt.com.br\/index.php\/pacote-prata\/\">Pacote Prata <\/a><\/h3><p class=\"elementor-image-box-description\"> (02 caixas de som, 01 Mesa Som, 02 Microfones, Cabos sonoriza\u00e7\u00e3o [at\u00e9 100 \npessoas \u2013espa\u00e7o confinado]\/Estrutura: somente mesa DJ\/M\u00fasicas em MP3). \n4 horas de festa. \nR$ 1.300,00 + R$ 200,00 (Servi\u00e7oDJ)-Total: R$ 1.500,00.<\/p><\/div><\/div>\t\t\t\t<\/div>\n\t\t\t\t<\/div>\n\t\t\t\t<div class=\"elementor-element elementor-element-9c307e8 elementor-position-top elementor-position-top elementor-invisible elementor-widget elementor-widget-image-box\" data-id=\"9c307e8\" data-element_type=\"widget\" data-e-type=\"widget\" data-settings=\"{&quot;_animation&quot;:&quot;fadeIn&quot;,&quot;_animation_delay&quot;:300}\" data-widget_type=\"image-box.default\">\n\t\t\t\t<div class=\"elementor-widget-container\">\n\t\t\t\t\t<div class=\"elementor-image-box-wrapper\"><figure class=\"elementor-image-box-img\"><a href=\"https:\/\/mgamusic.makkomkt.com.br\/index.php\/pacote-esmeralda\/\" tabindex=\"-1\"><img decoding=\"async\" width=\"512\" height=\"512\" src=\"https:\/\/mgamusic.makkomkt.com.br\/wp-content\/uploads\/2024\/09\/esmeralda.png\" class=\"attachment-full size-full wp-image-2246\" alt=\"\" srcset=\"https:\/\/mgamusic.makkomkt.com.br\/wp-content\/uploads\/2024\/09\/esmeralda.png 512w, https:\/\/mgamusic.makkomkt.com.br\/wp-content\/uploads\/2024\/09\/esmeralda-300x300.png 300w, https:\/\/mgamusic.makkomkt.com.br\/wp-content\/uploads\/2024\/09\/esmeralda-150x150.png 150w\" sizes=\"(max-width: 512px) 100vw, 512px\" \/><\/a><\/figure><div class=\"elementor-image-box-content\"><h3 class=\"elementor-image-box-title\"><a href=\"https:\/\/mgamusic.makkomkt.com.br\/index.php\/pacote-esmeralda\/\">Pacote Esmeralda<\/a><\/h3><p class=\"elementor-image-box-description\"> (Pacote Prata + 01 Caixa Som Grave + 02 colunasBox Truss Q20 contendo:  03 \nprojetoresluz RGB, um canh\u00e3oluz RGB [at\u00e9150 pessoas\u2013espa\u00e7oconfinado\n \/M\u00fasica emMP3]). 4 horas de festa.\n R$ 1.500,00 + R$ 200,00 (Servi\u00e7oDJ) -Total R$ 1.700,00<\/p><\/div><\/div>\t\t\t\t<\/div>\n\t\t\t\t<\/div>\n\t\t\t\t<div class=\"elementor-element elementor-element-ba72893 elementor-position-top elementor-position-top elementor-invisible elementor-widget elementor-widget-image-box\" data-id=\"ba72893\" data-element_type=\"widget\" data-e-type=\"widget\" data-settings=\"{&quot;_animation&quot;:&quot;fadeIn&quot;,&quot;_animation_delay&quot;:300}\" data-widget_type=\"image-box.default\">\n\t\t\t\t<div class=\"elementor-widget-container\">\n\t\t\t\t\t<div class=\"elementor-image-box-wrapper\"><figure class=\"elementor-image-box-img\"><a href=\"https:\/\/mgamusic.makkomkt.com.br\/index.php\/pacote-rubi\/\" tabindex=\"-1\"><img decoding=\"async\" width=\"512\" height=\"512\" src=\"https:\/\/mgamusic.makkomkt.com.br\/wp-content\/uploads\/2024\/09\/rubi.png\" class=\"attachment-full size-full wp-image-2248\" alt=\"\" srcset=\"https:\/\/mgamusic.makkomkt.com.br\/wp-content\/uploads\/2024\/09\/rubi.png 512w, https:\/\/mgamusic.makkomkt.com.br\/wp-content\/uploads\/2024\/09\/rubi-300x300.png 300w, https:\/\/mgamusic.makkomkt.com.br\/wp-content\/uploads\/2024\/09\/rubi-150x150.png 150w\" sizes=\"(max-width: 512px) 100vw, 512px\" \/><\/a><\/figure><div class=\"elementor-image-box-content\"><h3 class=\"elementor-image-box-title\"><a href=\"https:\/\/mgamusic.makkomkt.com.br\/index.php\/pacote-rubi\/\">Pacote Rubi<\/a><\/h3><p class=\"elementor-image-box-description\"> (Pacote Esmeralda + 01 Caixa auxiliar Grave, substitui\u00e7\u00e3odas caixasde som\n simples porLine Array,  case CDJ Numark, M\u00e1quinade fuma\u00e7a\u2013M\u00fasica em\n MP4 semproje\u00e7\u00e3o]) de 4 a 5 horas de festa. \nR$  2.000,00 (Com servi\u00e7osDJ Social inclusosno limitedo pacote<\/p><\/div><\/div>\t\t\t\t<\/div>\n\t\t\t\t<\/div>\n\t\t\t\t<div class=\"elementor-element elementor-element-9833597 elementor-position-top elementor-position-top elementor-invisible elementor-widget elementor-widget-image-box\" data-id=\"9833597\" data-element_type=\"widget\" data-e-type=\"widget\" data-settings=\"{&quot;_animation&quot;:&quot;fadeIn&quot;,&quot;_animation_delay&quot;:300}\" data-widget_type=\"image-box.default\">\n\t\t\t\t<div class=\"elementor-widget-container\">\n\t\t\t\t\t<div class=\"elementor-image-box-wrapper\"><figure class=\"elementor-image-box-img\"><a href=\"https:\/\/mgamusic.makkomkt.com.br\/index.php\/pacote-ouro\/\" tabindex=\"-1\"><img loading=\"lazy\" decoding=\"async\" width=\"512\" height=\"512\" src=\"https:\/\/mgamusic.makkomkt.com.br\/wp-content\/uploads\/2024\/09\/distintivo.png\" class=\"attachment-full size-full wp-image-2245\" alt=\"\" srcset=\"https:\/\/mgamusic.makkomkt.com.br\/wp-content\/uploads\/2024\/09\/distintivo.png 512w, https:\/\/mgamusic.makkomkt.com.br\/wp-content\/uploads\/2024\/09\/distintivo-300x300.png 300w, https:\/\/mgamusic.makkomkt.com.br\/wp-content\/uploads\/2024\/09\/distintivo-150x150.png 150w\" sizes=\"(max-width: 512px) 100vw, 512px\" \/><\/a><\/figure><div class=\"elementor-image-box-content\"><h3 class=\"elementor-image-box-title\"><a href=\"https:\/\/mgamusic.makkomkt.com.br\/index.php\/pacote-ouro\/\">Pacote Ouro<\/a><\/h3><p class=\"elementor-image-box-description\"> (Pacote Rubi + ProjetoSom e caixasauxiliaries\/microfonesauxiliaries\/Tel\u00e3o\n e projector\/Trave completa3x3M BOX. TRUSS\/Globo espelhado. 6 horas de \nfesta\/EstruturaArco de passage 2x2M)\n R$ 3.000,00 (Com servi\u00e7osDJ Social inclusosno limitedo pacote<\/p><\/div><\/div>\t\t\t\t<\/div>\n\t\t\t\t<\/div>\n\t\t\t\t<div class=\"elementor-element elementor-element-7d12ccb elementor-position-top elementor-position-top elementor-invisible elementor-widget elementor-widget-image-box\" data-id=\"7d12ccb\" data-element_type=\"widget\" data-e-type=\"widget\" data-settings=\"{&quot;_animation&quot;:&quot;fadeIn&quot;,&quot;_animation_delay&quot;:300}\" data-widget_type=\"image-box.default\">\n\t\t\t\t<div class=\"elementor-widget-container\">\n\t\t\t\t\t<div class=\"elementor-image-box-wrapper\"><figure class=\"elementor-image-box-img\"><a href=\"https:\/\/mgamusic.makkomkt.com.br\/index.php\/pacote-diamante\/\" tabindex=\"-1\"><img loading=\"lazy\" decoding=\"async\" width=\"512\" height=\"512\" src=\"https:\/\/mgamusic.makkomkt.com.br\/wp-content\/uploads\/2024\/09\/diamante.png\" class=\"attachment-full size-full wp-image-2247\" alt=\"\" srcset=\"https:\/\/mgamusic.makkomkt.com.br\/wp-content\/uploads\/2024\/09\/diamante.png 512w, https:\/\/mgamusic.makkomkt.com.br\/wp-content\/uploads\/2024\/09\/diamante-300x300.png 300w, https:\/\/mgamusic.makkomkt.com.br\/wp-content\/uploads\/2024\/09\/diamante-150x150.png 150w\" sizes=\"(max-width: 512px) 100vw, 512px\" \/><\/a><\/figure><div class=\"elementor-image-box-content\"><h3 class=\"elementor-image-box-title\"><a href=\"https:\/\/mgamusic.makkomkt.com.br\/index.php\/pacote-diamante\/\">Pacote Diamante<\/a><\/h3><p class=\"elementor-image-box-description\"> (Pacote Ouro+ Cora\u00e7\u00e3oiluminado+ Cruz de madeira + Tel\u00e3o+ Projector \nImagem+ M\u00facicaemMP4 e M\u00fasica aovivo : MPB\/SertanejoouRock Pop)\n R$ 5.000,00 (Com servi\u00e7osDJ Social inclusosno limitedo pacote<\/p><\/div><\/div>\t\t\t\t<\/div>\n\t\t\t\t<\/div>\n\t\t\t\t<div class=\"elementor-element elementor-element-2912dd9 elementor-position-top elementor-position-top elementor-invisible elementor-widget elementor-widget-image-box\" data-id=\"2912dd9\" data-element_type=\"widget\" data-e-type=\"widget\" data-settings=\"{&quot;_animation&quot;:&quot;fadeIn&quot;,&quot;_animation_delay&quot;:300}\" data-widget_type=\"image-box.default\">\n\t\t\t\t<div class=\"elementor-widget-container\">\n\t\t\t\t\t<div class=\"elementor-image-box-wrapper\"><figure class=\"elementor-image-box-img\"><a href=\"https:\/\/mgamusic.makkomkt.com.br\/index.php\/pacote-personalizado\/\" tabindex=\"-1\"><img loading=\"lazy\" decoding=\"async\" width=\"512\" height=\"512\" src=\"https:\/\/mgamusic.makkomkt.com.br\/wp-content\/uploads\/2024\/09\/responder.png\" class=\"attachment-full size-full wp-image-2255\" alt=\"\" srcset=\"https:\/\/mgamusic.makkomkt.com.br\/wp-content\/uploads\/2024\/09\/responder.png 512w, https:\/\/mgamusic.makkomkt.com.br\/wp-content\/uploads\/2024\/09\/responder-300x300.png 300w, https:\/\/mgamusic.makkomkt.com.br\/wp-content\/uploads\/2024\/09\/responder-150x150.png 150w\" sizes=\"(max-width: 512px) 100vw, 512px\" \/><\/a><\/figure><div class=\"elementor-image-box-content\"><h3 class=\"elementor-image-box-title\"><a href=\"https:\/\/mgamusic.makkomkt.com.br\/index.php\/pacote-personalizado\/\">Pacote Personalizado<\/a><\/h3><p class=\"elementor-image-box-description\"> Escolha equipamentos de acordo com o que vo\u00e7e precisa para realizar seu evento<\/p><\/div><\/div>\t\t\t\t<\/div>\n\t\t\t\t<\/div>\n\t\t\t\t<\/div>\n\t\t\t\t\t<\/div>\n\t\t<\/div>\n\t\t\t\t\t\t<\/div>\n\t\t\t\t<\/div>\n\t\t\t\t\t<\/div>\n\t\t\t\t<\/div>\n\t\t\t\t<\/div>\n\t\t","protected":false},"excerpt":{"rendered":"<p>Servi\u00e7os servi\u00e7os personalizados e os melhores profissionais Servi\u00e7os e pacotes Contato pelo Whatsapp Pacotes Promocionais Pacote Prata (02 caixas de som, 01 Mesa Som, 02 Microfones, Cabos sonoriza\u00e7\u00e3o [at\u00e9 100 pessoas \u2013espa\u00e7o confinado]\/Estrutura: somente mesa DJ\/M\u00fasicas em MP3). 4 horas de festa. R$ 1.300,00 + R$ 200,00 (Servi\u00e7oDJ)-Total: R$ 1.500,00. Pacote Esmeralda (Pacote Prata + [&hellip;]<\/p>\n","protected":false},"author":1,"featured_media":0,"parent":0,"menu_order":0,"comment_status":"closed","ping_status":"closed","template":"elementor_header_footer","meta":{"om_disable_all_campaigns":false,"_monsterinsights_skip_tracking":false,"_monsterinsights_sitenote_active":false,"_monsterinsights_sitenote_note":"","_monsterinsights_sitenote_category":0,"footnotes":""},"class_list":["post-1938","page","type-page","status-publish","hentry"],"aioseo_notices":[],"_links":{"self":[{"href":"https:\/\/mgamusic.makkomkt.com.br\/index.php\/wp-json\/wp\/v2\/pages\/1938","targetHints":{"allow":["GET"]}}],"collection":[{"href":"https:\/\/mgamusic.makkomkt.com.br\/index.php\/wp-json\/wp\/v2\/pages"}],"about":[{"href":"https:\/\/mgamusic.makkomkt.com.br\/index.php\/wp-json\/wp\/v2\/types\/page"}],"author":[{"embeddable":true,"href":"https:\/\/mgamusic.makkomkt.com.br\/index.php\/wp-json\/wp\/v2\/users\/1"}],"replies":[{"embeddable":true,"href":"https:\/\/mgamusic.makkomkt.com.br\/index.php\/wp-json\/wp\/v2\/comments?post=1938"}],"version-history":[{"count":0,"href":"https:\/\/mgamusic.makkomkt.com.br\/index.php\/wp-json\/wp\/v2\/pages\/1938\/revisions"}],"wp:attachment":[{"href":"https:\/\/mgamusic.makkomkt.com.br\/index.php\/wp-json\/wp\/v2\/media?parent=1938"}],"curies":[{"name":"wp","href":"https:\/\/api.w.org\/{rel}","templated":true}]}}